6 and j?
23
Let p(h) = -h**2 + 8*h + 4. Let a be p(6). Suppose 0 = 4*d + d + 5. Let n = 3 + d. What is the greatest common divisor of n and a?
2
Let k(y) = 11*y - 1. Suppose 3*w - 4 = w. Let f be k(w). Calculate the highest common factor of f and 3.
3
Let f = 9 - 0. Let b(w) = w + 8. Let o be b(0). Let d be -6*(-2 - (2 + o)). What is the highest common factor of d and f?
9
Let l(g) = 5*g. Let n be l(3). What is the greatest common divisor of 135 and n?
15
Suppose -2*v = 3*v - 40. Suppose v = -3*j + 35. Calculate the highest common divisor of 81 and j.
9
Suppose -4*i = -5*o - 262, -2*o + o - 270 = -4*i. Let v = -4 + 7. Let d be -3 + 22 - (-1 + v). Calculate the greatest common factor of i and d.
17
Let w = 171 + -19. What is the greatest common factor of 19 and w?
19
Let x = 60 - 36. Let k be (-476)/(-8) - 1/(-2). Calculate the greatest common factor of x and k.
12
Let h = 118 - 41. What is the greatest common divisor of 7 and h?
7
Suppose 0 = 4*w - 0*w - 4. Suppose 1 = 5*g - 4. What is the highest common factor of w and g?
1
Let g be (135/(-25))/((-6)/20). Calculate the greatest common factor of 27 and g.
9
Let i = 26 - -3. What is the highest common factor of i and 261?
29
Suppose 0 = h - 7 + 3. Suppose -i + 2*i = 0. Suppose i = 3*k - h*k + 8. What is the highest common divisor of k and 40?
8
Let w be (-10)/5 - -5*1. Suppose -q - 16 = -w*q. Let g = q + -4. Calculate the highest common divisor of 8 and g.
4
Let i(z) = -z**3 + 5*z**2 + 9*z - 8. Let c be i(6). Calculate the greatest common divisor of c and 40.
10
Let l(q) = -q**3 + 10*q**2 + 2*q + 1. Let x be l(7). What is the greatest common factor of x and 18?
18
Let x be (-174)/(-15) + 2/5. What is the greatest common factor of 48 and x?
12
Suppose 4*u = 3*u - 16. Let o be (-9)/(-6)*u/(-6). What is the greatest common divisor of o and 10?
2
Let n = 1 + 1. Suppose n*x = 4*x - 96. Let k be (4/(-5))/((-1)/(2 - -13)). Calculate the highest common divisor of k and x.
12
Suppose -2*s = -0*h + 2*h - 188, -15 = 3*s. Let t = h - 55. What is the greatest common factor of 22 and t?
22
Let l be 61 + (-1)/1 - -3. Calculate the greatest common factor of l and 42.
21
Let b = 85 - 49. Suppose -5*x = -44 - b. Calculate the greatest common divisor of x and 48.
16
Suppose 2 = 4*d + 2*s, -6 = 3*d + 4*s + 5. Calculate the greatest common divisor of d and 9.
3
Let k = -21 - -32. Suppose -4*i - 5*l = -1 + 26, 4*l + 20 = -4*i. Suppose i = 4*h - k - 37. Calculate the greatest common divisor of 3 and h.
3
Let p = -10 - -21. What is the highest common divisor of 66 and p?
11
Suppose u + 3 - 7 = 0. Let g = -46 - -62. Calculate the highest common divisor of g and u.
4
Let d = 4 + -3. Let x be d - -24 - (1 + 0). Let u = 11 - -25. Calculate the highest common factor of x and u.
12
Let d be (60/(-6))/((-4)/2). Let q = -18 + 23. Calculate the highest common factor of d and q.
5
Let g be -4 + (-13)/(-1) - 4. What is the highest common divisor of 45 and g?
5
Suppose -2*w + 5*w = -9. Let m(f) = -2*f**3 + f**2 + 3*f + 1. Let b be m(w). What is the greatest common factor of b and 11?
11
Let m be 400/22 + 2/(-11). What is the highest common divisor of 6 and m?
6
Let i be (-3)/(-4) - 18/(-8). Suppose 0 = -i*w + 48 - 0. Suppose -l + 14 + w = 0. What is the greatest common factor of 6 and l?
6
Let t(b) = 2*b**2 - 12*b + 20. Let i be t(8). What is the greatest common factor of 13 and i?
13
Let a(s) = -s**3 - 7*s**2 - 6*s + 5. Let i be a(-6). Let b = 16 + i. Calculate the highest common factor of b and 14.
7
Suppose -s = 57 - 201. Suppose -3*o + 14*o - 198 = 0. What is the highest common factor of o and s?
18
Suppose 0 = 5*z - 35 + 10. Suppose -12 = 3*n - z*n. What is the highest common divisor of n and 30?
6
Let a(d) = -3*d + 2 - 3 + 1 - 4*d**3 + d**2 - 3. Suppose -14 = 5*u + 2*t, 4*u - 3*t = -2*t - 6. Let z be a(u). What is the greatest common divisor of 26 and z?
13
Let q be 18/(-42) - 146/(-14). Suppose -9*r + q*r - 144 = 0. Calculate the greatest common factor of 18 and r.
18
Suppose j + r = -4*r + 13, -2*j - r + 8 = 0. What is the greatest common factor of j and 2?
1
Suppose 2*o = -1 - 23. Let i be -1*(-2 + 5) - o. What is the greatest common factor of i and 99?
9
Let u(m) = 10*m - 17. Let v be u(8). Let t = 30 + 14. Suppose 0 = 5*g + 2*f - 39, -f + 5 = -4*g + t. What is the highest common factor of g and v?
9
Let z = -43 - -82. Let d(m) = 2*m**2 - 2*m + 2. Let j be d(-3). Calculate the highest common divisor of j and z.
13
Let r = -7 + 10. Suppose t - 16 = -r*t. Suppose 0 = 4*m + t*f - 64, -3*f = -2*m - 2*m + 36. Calculate the highest common factor of m and 6.
6
Let n = -11 - -15. Let s be n/14 - 47/(-7). Suppose -39*y = -40*y + 7. What is the highest common factor of s and y?
7
Let c be 1 + 2/4*6. Suppose 5*l + 5*t = -15, -11 = -c*l + l + 2*t. Suppose -l + 7 = h. What is the greatest common factor of 3 and h?
3
Suppose -2*h = t - 105, -3*h + 87 = 4*t - 63. Calculate the highest common factor of 6 and h.
6
Let r = 23 + 4. What is the highest common divisor of 6 and r?
3
Let v be (130/4)/((-11)/(-22)). What is the greatest common divisor of 26 and v?
13
Suppose -4*i + w = 3*w - 12, 2*w - 8 = 0. What is the greatest common factor of i and 1?
1
Let i(j) = -7*j + 14. Let n be i(-6). Calculate the greatest common divisor of n and 8.
8
Let d(b) = b**2 - 10*b + 13. Let c be d(9). Suppose -c*x + 160 = x. Suppose 10 + 2 = 3*o. Calculate the highest common factor of o and x.
4
Let p be (-1061)/(-3) + 1/3. Let n be (-4 + 0)/((-8)/384). Let k = p - n. What is the greatest common divisor of 18 and k?
18
Suppose 0 = -2*l - l - 5*h + 29, -l = h - 11. Suppose n - 1 = 0, 4*k - 5 = 2*k - n. Suppose 6*q = k*q + 52. Calculate the highest common factor of q and l.
13
Let h be (2/(-4))/(2/(-84)). Let o be (-2208)/(-156) + 4/(-26). Calculate the greatest common factor of h and o.
7
Suppose t - 24 = -0*t. Calculate the greatest common factor of 36 and t.
12
Suppose -8*v + 9 + 7 = 0. What is the greatest common factor of 38 and v?
2
Let z be 0 + -1 + (1 - -1). Let b be (-1)/(-2)*(-3 - 1). Let q be b/(-1) + 0 + -1. Calculate the greatest common factor of z and q.
1
Suppose 2*u + 4 - 8 = 0. What is the highest common factor of 18 and u?
2
Suppose 0 = 9*n - 3217 + 247. What is the highest common factor of n and 30?
30
Let s = 19 - 16. Suppose -2*i - a + s*a + 26 = 0, -5*i + 3*a + 57 = 0. What is the greatest common divisor of 9 and i?
9
Let c = -99 + 141. Calculate the highest common factor of 21 and c.
21
Let y = 7 + -15. Let o be 5/(1 + y/12). Suppose 5*r + 5 = 20. What is the highest common factor of o and r?
3
Let m = 15 + -6. Calculate the highest common factor of 81 and m.
9
Suppose 5*j - 3*m - 95 = 0, 4*j + m = -9 + 68. Suppose 44 - j = 4*l. Suppose 3*w = 15, w - 173 = -p - 3*p. Calculate the highest common divisor of l and p.
7
Suppose -2*y + 2*a + 120 = 0, 8*y = 3*y + 3*a + 294. Calculate the greatest common divisor of y and 38.
19
Suppose 2*w = 5*h - h + 10, -4*w + 3*h + 25 = 0. Suppose 3*u = 5 + w. Suppose u*k - 13 - 35 = 0. What is the highest common factor of 12 and k?
12
Let z(r) = -8*r**3 - 2*r**2 + 3*r + 5. Let h be z(-2). What is the highest common factor of 5 and h?
5
Let i(l) = -10*l - 2. Let h(q) = q**3 + 2*q**2 - 3*q - 3. Let g be h(-3). Let c be i(g). Let w be -1*9*-1 - 2. Calculate the highest common factor of c and w.
7
Let f(l) = l**3 - 6*l**2 - 3*l - 1. Let i be f(7). Calculate the greatest common factor of i and 9.
9
Let j = -3 - -12. Suppose 0 = -3*f + 54 + 189. What is the highest common divisor of f and j?
9
Let n(k) = -k**2 - 6*k + 8. Let h be n(-6). What is the greatest common factor of 64 and h?
8
Let l(v) = -v**3 + 8*v**2 - 7*v + 4. Let w = -1 - -8. Let p be l(w). Suppose -p*c + 65 = -19. Calculate the greatest common factor of c and 14.
7
Suppose -h + 4*q - 18 = 9, 0 = 3*h + 4*q + 1. Let j be 4/2*h/(-2). Calculate the highest common factor of j and 70.
7
Let u = 107 - 99. Let f(d) = 3*d + 1. Let s be f(1). Suppose 0 = o - u - s. What is the highest common factor of 96 and o?
12
Let c(g) = -g**3 - 6*g**2 + 3*g + 11. Let t be c(-8). Calculate the greatest common divisor of 23 and t.
23
Suppose 0*v - 12 = 3*v. Let c be 403/9 - v/18. Let x = 4 - -14. Calculate the highest common divisor of x and c.
9
Let z(w) = -6*w - 35